{"id":10534,"date":"2024-09-04T13:21:29","date_gmt":"2024-09-04T11:21:29","guid":{"rendered":"https:\/\/www.souveraenes-digitales-lehren-und-lernen.de\/home\/digitale_tools\/bedarfe-an-digitalen-tools-copy\/"},"modified":"2025-01-23T12:55:52","modified_gmt":"2025-01-23T11:55:52","slug":"empirische-befunde","status":"publish","type":"digitale_tools","link":"https:\/\/www.souveraenes-digitales-lehren-und-lernen.de\/home\/digitale_tools\/empirische-befunde\/","title":{"rendered":"SOUVER@N f\u00fchrte Befragungen durch, in denen Lehrende, Studierende sowie Service- und Support-Mitarbeitende nds. Hochschulen u.a. \u00fcber ihre Erfahrungen, Erwartungen, W\u00fcnsche, (Unterst\u00fctzungs-)Bedarfe bzw. \u00fcber subjektive Wahrnehmungen berichten."},"content":{"rendered":"\t\t<div data-elementor-type=\"wp-post\" data-elementor-id=\"10534\" class=\"elementor elementor-10534\" data-elementor-post-type=\"digitale_tools\">\n\t\t\t\t<div class=\"elementor-element elementor-element-d6deb10 e-flex e-con-boxed e-con e-parent\" data-id=\"d6deb10\" data-element_type=\"container\" data-e-type=\"container\">\n\t\t\t\t\t<div class=\"e-con-inner\">\n\t\t\t\t<div class=\"elementor-element elementor-element-1cbcea8 elementor-widget elementor-widget-spacer\" data-id=\"1cbcea8\" data-element_type=\"widget\" data-e-type=\"widget\" data-widget_type=\"spacer.default\">\n\t\t\t\t<div class=\"elementor-widget-container\">\n\t\t\t\t\t\t\t<div class=\"elementor-spacer\">\n\t\t\t<div class=\"elementor-spacer-inner\"><\/div>\n\t\t<\/div>\n\t\t\t\t\t\t<\/div>\n\t\t\t\t<\/div>\n\t\t\t\t<div class=\"elementor-element elementor-element-4887c70 elementor-widget elementor-widget-heading\" data-id=\"4887c70\" data-element_type=\"widget\" data-e-type=\"widget\" data-widget_type=\"heading.default\">\n\t\t\t\t<div class=\"elementor-widget-container\">\n\t\t\t\t\t<h2 class=\"elementor-heading-title elementor-size-default\">Empirische Befunde<\/h2>\t\t\t\t<\/div>\n\t\t\t\t<\/div>\n\t\t\t\t<div class=\"elementor-element elementor-element-7ecbe08 elementor-widget elementor-widget-text-editor\" data-id=\"7ecbe08\" data-element_type=\"widget\" data-e-type=\"widget\" data-widget_type=\"text-editor.default\">\n\t\t\t\t<div class=\"elementor-widget-container\">\n\t\t\t\t\t\t\t\t\t<p style=\"font-weight: 400;\">Digitale und digital unterst\u00fctzte Formate sind mittlerweile integraler Bestandteil des Lehrbetriebs an Hochschulen. In der Arbeit von Service- und Support-Mitarbeitenden nehmen zudem standort\u00fcbergreifende Vernetzungsaktivit\u00e4ten einen wachsenden Stellenwert ein. Vor diesem Hintergrund wurden im Rahmen von SOUVER@N Befragungen durchgef\u00fchrt, in denen Lehrende, Studierende sowie Service- und Support-Mitarbeitende nds. Hochschulen u.a. \u00fcber ihre Erfahrungen, Erwartungen, W\u00fcnsche, (Unterst\u00fctzungs-)Bedarfe bzw. \u00fcber subjektive Wahrnehmungen berichten.<\/p><div id=\"accel-snackbar\" style=\"left: 50%; transform: translate(-50%, 0px); top: 50px;\">\u00a0<\/div>\t\t\t\t\t\t\t\t<\/div>\n\t\t\t\t<\/div>\n\t\t\t\t<div class=\"elementor-element elementor-element-fde291e elementor-posts--thumbnail-none elementor-posts__hover-none elementor-grid-2 elementor-grid-tablet-2 elementor-grid-mobile-1 elementor-widget elementor-widget-posts\" data-id=\"fde291e\" data-element_type=\"widget\" data-e-type=\"widget\" data-settings=\"{&quot;pagination_type&quot;:&quot;load_more_infinite_scroll&quot;,&quot;cards_columns&quot;:&quot;2&quot;,&quot;cards_columns_tablet&quot;:&quot;2&quot;,&quot;cards_columns_mobile&quot;:&quot;1&quot;,&quot;cards_row_gap&quot;:{&quot;unit&quot;:&quot;px&quot;,&quot;size&quot;:35,&quot;sizes&quot;:[]},&quot;cards_row_gap_tablet&quot;:{&quot;unit&quot;:&quot;px&quot;,&quot;size&quot;:&quot;&quot;,&quot;sizes&quot;:[]},&quot;cards_row_gap_mobile&quot;:{&quot;unit&quot;:&quot;px&quot;,&quot;size&quot;:&quot;&quot;,&quot;sizes&quot;:[]},&quot;load_more_spinner&quot;:{&quot;value&quot;:&quot;fas fa-spinner&quot;,&quot;library&quot;:&quot;fa-solid&quot;}}\" data-widget_type=\"posts.cards\">\n\t\t\t\t<div class=\"elementor-widget-container\">\n\t\t\t\t\t\t\t<div class=\"elementor-posts-container elementor-posts elementor-posts--skin-cards elementor-grid\">\n\t\t\t\t<article class=\"elementor-post elementor-grid-item post-10794 befragungen_dt type-befragungen_dt status-publish has-post-thumbnail hentry\">\n\t\t\t<div class=\"elementor-post__card\">\n\t\t\t\t<div class=\"elementor-post__text\">\n\t\t\t\t<h3 class=\"elementor-post__title\">\n\t\t\t<a href=\"https:\/\/www.souveraenes-digitales-lehren-und-lernen.de\/home\/befragungen_dt\/hochschuluebergreifende-lehrendenbefragung-zur-bedarferfassung-in-der-digitalen-und-digital-unterstuetzten-lehre\/\" >\n\t\t\t\tHochschul\u00fcbergreifende Lehrendenbefragung zur Bedarferfassung in der digitalen (und digital unterst\u00fctzten) Lehre\t\t\t<\/a>\n\t\t<\/h3>\n\t\t\t\t\t<div class=\"elementor-post__read-more-wrapper\">\n\t\t\n\t\t<a class=\"elementor-post__read-more\" href=\"https:\/\/www.souveraenes-digitales-lehren-und-lernen.de\/home\/befragungen_dt\/hochschuluebergreifende-lehrendenbefragung-zur-bedarferfassung-in-der-digitalen-und-digital-unterstuetzten-lehre\/\" aria-label=\"Read more about Hochschul\u00fcbergreifende Lehrendenbefragung zur Bedarferfassung in der digitalen (und digital unterst\u00fctzten) Lehre\" tabindex=\"-1\" >\n\t\t\tWeiter \u00bb\t\t<\/a>\n\n\t\t\t\t\t<\/div>\n\t\t\t\t<\/div>\n\t\t\t\t\t<\/div>\n\t\t<\/article>\n\t\t\t\t<article class=\"elementor-post elementor-grid-item post-10795 befragungen_dt type-befragungen_dt status-publish has-post-thumbnail hentry\">\n\t\t\t<div class=\"elementor-post__card\">\n\t\t\t\t<div class=\"elementor-post__text\">\n\t\t\t\t<h3 class=\"elementor-post__title\">\n\t\t\t<a href=\"https:\/\/www.souveraenes-digitales-lehren-und-lernen.de\/home\/befragungen_dt\/huerden-potenziale-der-zukuenftigen-hochschullehre-aus-studierendenperspektive\/\" >\n\t\t\t\tH\u00fcrden &#038; Potenziale der (zuk\u00fcnftigen) Hochschullehre aus Studierendenperspektive\t\t\t<\/a>\n\t\t<\/h3>\n\t\t\t\t\t<div class=\"elementor-post__read-more-wrapper\">\n\t\t\n\t\t<a class=\"elementor-post__read-more\" href=\"https:\/\/www.souveraenes-digitales-lehren-und-lernen.de\/home\/befragungen_dt\/huerden-potenziale-der-zukuenftigen-hochschullehre-aus-studierendenperspektive\/\" aria-label=\"Read more about H\u00fcrden &#038; Potenziale der (zuk\u00fcnftigen) Hochschullehre aus Studierendenperspektive\" tabindex=\"-1\" >\n\t\t\tWeiter \u00bb\t\t<\/a>\n\n\t\t\t\t\t<\/div>\n\t\t\t\t<\/div>\n\t\t\t\t\t<\/div>\n\t\t<\/article>\n\t\t\t\t<article class=\"elementor-post elementor-grid-item post-10796 befragungen_dt type-befragungen_dt status-publish has-post-thumbnail hentry\">\n\t\t\t<div class=\"elementor-post__card\">\n\t\t\t\t<div class=\"elementor-post__text\">\n\t\t\t\t<h3 class=\"elementor-post__title\">\n\t\t\t<a href=\"https:\/\/www.souveraenes-digitales-lehren-und-lernen.de\/home\/befragungen_dt\/hochschuluebergreifende-befragung-von-service-und-support-mitarbeitenden\/\" >\n\t\t\t\tHochschul\u00fcbergreifende Befragung von Service- und Support-Mitarbeitenden\t\t\t<\/a>\n\t\t<\/h3>\n\t\t\t\t\t<div class=\"elementor-post__read-more-wrapper\">\n\t\t\n\t\t<a class=\"elementor-post__read-more\" href=\"https:\/\/www.souveraenes-digitales-lehren-und-lernen.de\/home\/befragungen_dt\/hochschuluebergreifende-befragung-von-service-und-support-mitarbeitenden\/\" aria-label=\"Read more about Hochschul\u00fcbergreifende Befragung von Service- und Support-Mitarbeitenden\" tabindex=\"-1\" >\n\t\t\tWeiter \u00bb\t\t<\/a>\n\n\t\t\t\t\t<\/div>\n\t\t\t\t<\/div>\n\t\t\t\t\t<\/div>\n\t\t<\/article>\n\t\t\t\t<article class=\"elementor-post elementor-grid-item post-15908 befragungen_dt type-befragungen_dt status-publish has-post-thumbnail hentry\">\n\t\t\t<div class=\"elementor-post__card\">\n\t\t\t\t<div class=\"elementor-post__text\">\n\t\t\t\t<h3 class=\"elementor-post__title\">\n\t\t\t<a href=\"https:\/\/www.souveraenes-digitales-lehren-und-lernen.de\/home\/befragungen_dt\/befragungen-zur-digitalen-barrierefreiheit-aus-lehrenden-und-studierendenperspektive\/\" >\n\t\t\t\tBefragungen zur digitalen Barrierefreiheit aus Lehrenden- und Studierendenperspektive\t\t\t<\/a>\n\t\t<\/h3>\n\t\t\t\t\t<div class=\"elementor-post__read-more-wrapper\">\n\t\t\n\t\t<a class=\"elementor-post__read-more\" href=\"https:\/\/www.souveraenes-digitales-lehren-und-lernen.de\/home\/befragungen_dt\/befragungen-zur-digitalen-barrierefreiheit-aus-lehrenden-und-studierendenperspektive\/\" aria-label=\"Read more about Befragungen zur digitalen Barrierefreiheit aus Lehrenden- und Studierendenperspektive\" tabindex=\"-1\" >\n\t\t\tWeiter \u00bb\t\t<\/a>\n\n\t\t\t\t\t<\/div>\n\t\t\t\t<\/div>\n\t\t\t\t\t<\/div>\n\t\t<\/article>\n\t\t\t\t<\/div>\n\t\t\t\t\t<span class=\"e-load-more-spinner\">\n\t\t\t\t<i aria-hidden=\"true\" class=\"fas fa-spinner\"><\/i>\t\t\t<\/span>\n\t\t\n\t\t\t\t\t\t<\/div>\n\t\t\t\t<\/div>\n\t\t\t\t\t<\/div>\n\t\t\t\t<\/div>\n\t\t\t\t<\/div>\n\t\t","protected":false},"featured_media":12941,"template":"","meta":{"_links_to":"","_links_to_target":""},"class_list":["post-10534","digitale_tools","type-digitale_tools","status-publish","has-post-thumbnail","hentry"],"_links":{"self":[{"href":"https:\/\/www.souveraenes-digitales-lehren-und-lernen.de\/home\/wp-json\/wp\/v2\/digitale_tools\/10534","targetHints":{"allow":["GET"]}}],"collection":[{"href":"https:\/\/www.souveraenes-digitales-lehren-und-lernen.de\/home\/wp-json\/wp\/v2\/digitale_tools"}],"about":[{"href":"https:\/\/www.souveraenes-digitales-lehren-und-lernen.de\/home\/wp-json\/wp\/v2\/types\/digitale_tools"}],"version-history":[{"count":31,"href":"https:\/\/www.souveraenes-digitales-lehren-und-lernen.de\/home\/wp-json\/wp\/v2\/digitale_tools\/10534\/revisions"}],"predecessor-version":[{"id":11894,"href":"https:\/\/www.souveraenes-digitales-lehren-und-lernen.de\/home\/wp-json\/wp\/v2\/digitale_tools\/10534\/revisions\/11894"}],"wp:featuredmedia":[{"embeddable":true,"href":"https:\/\/www.souveraenes-digitales-lehren-und-lernen.de\/home\/wp-json\/wp\/v2\/media\/12941"}],"wp:attachment":[{"href":"https:\/\/www.souveraenes-digitales-lehren-und-lernen.de\/home\/wp-json\/wp\/v2\/media?parent=10534"}],"curies":[{"name":"wp","href":"https:\/\/api.w.org\/{rel}","templated":true}]}}

SOUVER@N führte Befragungen durch, in denen Lehrende, Studierende sowie Service- und Support-Mitarbeitende nds. Hochschulen u.a. über ihre Erfahrungen, Erwartungen, Wünsche, (Unterstützungs-)Bedarfe bzw. über subjektive Wahrnehmungen berichten.

<div data-elementor-type="wp-post" data-elementor-id="10534" class="elementor elementor-10534" data-elementor-post-type="digitale_tools">
				<div class="elementor-element elementor-element-d6deb10 e-flex e-con-boxed e-con e-parent" data-id="d6deb10" data-element_type="container" data-e-type="container">
					<div class="e-con-inner">
				<div class="elementor-element elementor-element-1cbcea8 elementor-widget elementor-widget-spacer" data-id="1cbcea8" data-element_type="widget" data-e-type="widget" data-widget_type="spacer.default">
				<div class="elementor-widget-container">
							<div class="elementor-spacer">
			<div class="elementor-spacer-inner"></div>
		</div>
						</div>
				</div>
				<div class="elementor-element elementor-element-4887c70 elementor-widget elementor-widget-heading" data-id="4887c70" data-element_type="widget" data-e-type="widget" data-widget_type="heading.default">
				<div class="elementor-widget-container">
					<h2 class="elementor-heading-title elementor-size-default">Empirische Befunde</h2>				</div>
				</div>
				<div class="elementor-element elementor-element-7ecbe08 elementor-widget elementor-widget-text-editor" data-id="7ecbe08" data-element_type="widget" data-e-type="widget" data-widget_type="text-editor.default">
				<div class="elementor-widget-container">
									<p style="font-weight: 400;">Digitale und digital unterstützte Formate sind mittlerweile integraler Bestandteil des Lehrbetriebs an Hochschulen. In der Arbeit von Service- und Support-Mitarbeitenden nehmen zudem standortübergreifende Vernetzungsaktivitäten einen wachsenden Stellenwert ein. Vor diesem Hintergrund wurden im Rahmen von SOUVER@N Befragungen durchgeführt, in denen Lehrende, Studierende sowie Service- und Support-Mitarbeitende nds. Hochschulen u.a. über ihre Erfahrungen, Erwartungen, Wünsche, (Unterstützungs-)Bedarfe bzw. über subjektive Wahrnehmungen berichten.</p><div id="accel-snackbar" style="left: 50%; transform: translate(-50%, 0px); top: 50px;"> </div>								</div>
				</div>
				<div class="elementor-element elementor-element-fde291e elementor-posts--thumbnail-none elementor-posts__hover-none elementor-grid-2 elementor-grid-tablet-2 elementor-grid-mobile-1 elementor-widget elementor-widget-posts" data-id="fde291e" data-element_type="widget" data-e-type="widget" data-settings="{&quot;pagination_type&quot;:&quot;load_more_infinite_scroll&quot;,&quot;cards_columns&quot;:&quot;2&quot;,&quot;cards_columns_tablet&quot;:&quot;2&quot;,&quot;cards_columns_mobile&quot;:&quot;1&quot;,&quot;cards_row_gap&quot;:{&quot;unit&quot;:&quot;px&quot;,&quot;size&quot;:35,&quot;sizes&quot;:[]},&quot;cards_row_gap_tablet&quot;:{&quot;unit&quot;:&quot;px&quot;,&quot;size&quot;:&quot;&quot;,&quot;sizes&quot;:[]},&quot;cards_row_gap_mobile&quot;:{&quot;unit&quot;:&quot;px&quot;,&quot;size&quot;:&quot;&quot;,&quot;sizes&quot;:[]},&quot;load_more_spinner&quot;:{&quot;value&quot;:&quot;fas fa-spinner&quot;,&quot;library&quot;:&quot;fa-solid&quot;}}" data-widget_type="posts.cards">
				<div class="elementor-widget-container">
							<div class="elementor-posts-container elementor-posts elementor-posts--skin-cards elementor-grid">
				<article class="elementor-post elementor-grid-item post-10794 befragungen_dt type-befragungen_dt status-publish has-post-thumbnail hentry">
			<div class="elementor-post__card">
				<div class="elementor-post__text">
				<h3 class="elementor-post__title">
			<a href="https://www.souveraenes-digitales-lehren-und-lernen.de/home/befragungen_dt/hochschuluebergreifende-lehrendenbefragung-zur-bedarferfassung-in-der-digitalen-und-digital-unterstuetzten-lehre/" >
				Hochschulübergreifende Lehrendenbefragung zur Bedarferfassung in der digitalen (und digital unterstützten) Lehre			</a>
		</h3>
					<div class="elementor-post__read-more-wrapper">
		
		<a class="elementor-post__read-more" href="https://www.souveraenes-digitales-lehren-und-lernen.de/home/befragungen_dt/hochschuluebergreifende-lehrendenbefragung-zur-bedarferfassung-in-der-digitalen-und-digital-unterstuetzten-lehre/" aria-label="Read more about Hochschulübergreifende Lehrendenbefragung zur Bedarferfassung in der digitalen (und digital unterstützten) Lehre" tabindex="-1" >
			Weiter »		</a>

					</div>
				</div>
					</div>
		</article>
				<article class="elementor-post elementor-grid-item post-10795 befragungen_dt type-befragungen_dt status-publish has-post-thumbnail hentry">
			<div class="elementor-post__card">
				<div class="elementor-post__text">
				<h3 class="elementor-post__title">
			<a href="https://www.souveraenes-digitales-lehren-und-lernen.de/home/befragungen_dt/huerden-potenziale-der-zukuenftigen-hochschullehre-aus-studierendenperspektive/" >
				Hürden &#038; Potenziale der (zukünftigen) Hochschullehre aus Studierendenperspektive			</a>
		</h3>
					<div class="elementor-post__read-more-wrapper">
		
		<a class="elementor-post__read-more" href="https://www.souveraenes-digitales-lehren-und-lernen.de/home/befragungen_dt/huerden-potenziale-der-zukuenftigen-hochschullehre-aus-studierendenperspektive/" aria-label="Read more about Hürden &#038; Potenziale der (zukünftigen) Hochschullehre aus Studierendenperspektive" tabindex="-1" >
			Weiter »		</a>

					</div>
				</div>
					</div>
		</article>
				<article class="elementor-post elementor-grid-item post-10796 befragungen_dt type-befragungen_dt status-publish has-post-thumbnail hentry">
			<div class="elementor-post__card">
				<div class="elementor-post__text">
				<h3 class="elementor-post__title">
			<a href="https://www.souveraenes-digitales-lehren-und-lernen.de/home/befragungen_dt/hochschuluebergreifende-befragung-von-service-und-support-mitarbeitenden/" >
				Hochschulübergreifende Befragung von Service- und Support-Mitarbeitenden			</a>
		</h3>
					<div class="elementor-post__read-more-wrapper">
		
		<a class="elementor-post__read-more" href="https://www.souveraenes-digitales-lehren-und-lernen.de/home/befragungen_dt/hochschuluebergreifende-befragung-von-service-und-support-mitarbeitenden/" aria-label="Read more about Hochschulübergreifende Befragung von Service- und Support-Mitarbeitenden" tabindex="-1" >
			Weiter »		</a>

					</div>
				</div>
					</div>
		</article>
				<article class="elementor-post elementor-grid-item post-15908 befragungen_dt type-befragungen_dt status-publish has-post-thumbnail hentry">
			<div class="elementor-post__card">
				<div class="elementor-post__text">
				<h3 class="elementor-post__title">
			<a href="https://www.souveraenes-digitales-lehren-und-lernen.de/home/befragungen_dt/befragungen-zur-digitalen-barrierefreiheit-aus-lehrenden-und-studierendenperspektive/" >
				Befragungen zur digitalen Barrierefreiheit aus Lehrenden- und Studierendenperspektive			</a>
		</h3>
					<div class="elementor-post__read-more-wrapper">
		
		<a class="elementor-post__read-more" href="https://www.souveraenes-digitales-lehren-und-lernen.de/home/befragungen_dt/befragungen-zur-digitalen-barrierefreiheit-aus-lehrenden-und-studierendenperspektive/" aria-label="Read more about Befragungen zur digitalen Barrierefreiheit aus Lehrenden- und Studierendenperspektive" tabindex="-1" >
			Weiter »		</a>

					</div>
				</div>
					</div>
		</article>
				</div>
					<span class="e-load-more-spinner">
				<i aria-hidden="true" class="fas fa-spinner"></i>			</span>
		
						</div>
				</div>
					</div>
				</div>
				</div>
